 Let d(y) = y**2. Let p(f) = -3*d(f) + n(f). List the prime factors of p(1).
41
Suppose 354 = -5*p + 7*p. What are the prime factors of p?
3, 59
Let x(j) = -2*j - j**2 + 7*j + 8*j - 8. Let b be x(13). Let k = 21 + b. What are the prime factors of k?
13
Suppose -4*f - 12 = -2*s, -4*s - 2*f = 2*f. Let o(b) = 2*b**3 - 2*b**2 + 3*b - 3. List the prime factors of o(s).
11
Let l(q) = -7*q**2 + 19*q + 5. Let o(w) = -10*w**2 + 28*w + 8. Let y(p) = -7*l(p) + 5*o(p). What are the prime factors of y(6)?
11
Suppose -r = -2*r + 20. List the prime factors of r.
2, 5
Suppose 0 = 2*w - 4*w - 5*u + 54, 4*w - 2*u - 108 = 0. What are the prime factors of w?
3
Let i(z) = z - 2. List the prime factors of i(11).
3
What are the prime factors of 1396/14 - 6/126*-6?
2, 5
Suppose 2*f - 65 = -3*n, 2*f - 4*n - 105 = n. What are the prime factors of 30/f*(5 - 1)?
3
List the prime factors of -10*(1 - 105/6).
3, 5, 11
Let d = -3 - -5. Suppose -d*g - 3*g = 45. Let i = g + 22. What are the prime factors of i?
13
Suppose -2*m - 42 = -6*r + 3*r, 2*r - 4*m - 36 = 0. What are the prime factors of r?
2, 3
Let x(w) = -6 + 10*w + 9 - 4*w + 5 - w**2. What are the prime factors of x(6)?
2
Suppose -5*i - 7 = -3*t + 10, 0 = 3*t + 5*i - 37. List the prime factors of t.
3
Let k(s) = 38*s**2 - 1. List the prime factors of k(-1).
37
Suppose -2*s - s = -2*d + 42, 3*d = 4*s + 63. List the prime factors of d.
3, 7
Let t(z) = -5*z - 3. Let d(o) = -o**3 + 5*o**2 + 5*o. Let v be d(6). What are the prime factors of t(v)?
3
Let c(h) = -h**2 - 22*h + 6. List the prime factors of c(-11).
127
Let x(s) = -30*s + 17. List the prime factors of x(-3).
107
List the prime factors of ((-1108)/12)/(3/(-9)).
277
Let s = 22 - 17. What are the prime factors of s?
5
Let d = 51 + -46. List the prime factors of d.
5
Let t = 1 + -1. What are the prime factors of 18/4*(t + 2)?
3
Suppose 0 = 5*t - 3*c - c - 119, 3*c + 42 = 2*t. What are the prime factors of t?
3
Suppose 5*l - 79 = 4*l. List the prime factors of l.
79
Let n = -2 - 0. Let i(d) = 2*d**2 + 2*d + 1. List the prime factors of i(n).
5
Suppose -4*s - 45 = 5*l, -7 = -4*s + 5*l - 2. Let z = s + 10. Suppose -4*i - 8 = 0, z*i - 3*i - 1 = -c. List the prime factors of c.
5
Let i(p) = -p + 22. List the prime factors of i(-7).
29
Suppose 0 = -0*o + 3*o - 15. Suppose f + 41 = 7*w - o*w, 85 = 4*w - 5*f. List the prime factors of w.
2, 5
Let h be 2*-2 + -40 + -10. Let o = -36 - h. What are the prime factors of o?
2, 3
Let n be (-4)/2 - (1 - 3). Suppose -2*g = -c - 7 - 9, -g + 2*c + 14 = 0. Suppose g*z - 3*z - 12 = n. What are the prime factors of z?
2
Let l(f) = 5*f**2. Suppose -3*g - 4 + 12 = -n, 0 = 4*g + 5*n - 36. Let r = 5 - g. List the prime factors of l(r).
5
Suppose 4*m + 18 = -2*s - m, -34 = 2*s + m. List the prime factors of -2 - (s + 0 + 1).
2
Let l be (-8)/(-2)*(-35)/(-20). Suppose 0 = 5*v + l - 57. List the prime factors of v.
2, 5
Suppose 0 = -0*b - 5*b. Suppose b*p = 5*p - 90. List the prime factors of p.
2, 3
Let y = -3 - -6. Suppose -y*o + 11 = -1. Let b = o + -2. List the prime factors of b.
2
Let i(f) = 2*f**2 + 2*f. Let x be i(-4). Suppose -u - 6 = -x. List the prime factors of u.
2, 3
Let a(t) = 2*t**2 + 3*t + 3. Let z be 2/3 + 21/9. Suppose p = -0*p - z. What are the prime factors of a(p)?
2, 3
Let p(x) be the first derivative of x**4/4 + 5*x**3/3 + 5*x - 3. Let c be p(-5). Suppose -c*l - 29 + 84 = 0. What are the prime factors of l?
11
Let t be (-3)/(-2)*(-40)/(-15). Let m = 16 + t. What are the prime factors of m?
2, 5
Let a be (-57)/6*6*1. What are the prime factors of a/(1 - 4)*1?
19
Suppose -17 = -2*j + 3. List the prime factors of 8 + (-2 - j/(-2)).
11
Let m(c) = -1 - 3 - c + 3*c**2 + 4. Suppose 7*f - 2*f = -5. List the prime factors of m(f).
2
Suppose 48*c = 43*c + 1400. What are the prime factors of c?
2, 5, 7
Let c(x) = 2*x - 14. Let u be c(11). Suppose -u*m + 9 = -5*m. What are the prime factors of m?
3
Suppose 0 = -4*v + 3 + 5. Let m(c) = -c + 1. Let g be m(v). List the prime factors of (-12)/6 - (g + -4).
3
Let d = -3 - -16. List the prime factors of d.
13
Suppose 311 = 6*j + 131. List the prime factors of j.
2, 3, 5
Let g = 10 + -6. Suppose 0 = -g*p + 178 - 26. Suppose -5*t - 3 = -p. List the prime factors of t.
7
Let t(p) = -3*p - 17. Let s be t(-7). What are the prime factors of (-4 - (-32 - s)) + 1?
3, 11
Suppose g + 6*g - 392 = 0. What are the prime factors of g?
2, 7
Let o(j) = -j**2 - 11*j + 17. Let p be o(-12). Let m = p + 27. What are the prime factors of m?
2
Let a = 13 + 0. List the prime factors of a.
13
Suppose 3*u = u + 50. What are the prime factors of 1*u - 0/5?
5
Let t be 8/6*(-1 + 4). What are the prime factors of (-1)/t - (-82)/8?
2, 5
Let b be 0 + (-1)/(3/6). Let q be 0/(b - 3/(-3)). Suppose q = 4*n - 29 - 19. What are the prime factors of n?
2, 3
Suppose 0*h = 3*h - 84. List the prime factors of h.
2, 7
Let m(q) = -q**2 - 7*q + 7. Let y be m(-7). Suppose -z = -0*z - y. What are the prime factors of z?
7
Let g(a) = 0*a + a**2 + 3 - 3 - 1 + a. List the prime factors of g(-3).
5
Suppose -4*i = -2*p - 20, -i + 3*p = -2*i + 19. Let o be 33/i - (-6)/21. Suppose -o*n + 45 = f, 2*n + f - 5 - 10 = 0. List the prime factors of n.
2, 5
Suppose 0 = -3*r + 1 - 10. What are the prime factors of 20 + 0/(r/(-3))?
2, 5
Let l(v) = -19*v - 16. What are the prime factors of l(-5)?
79
Suppose 55 = -2*u + 7*u + 5*q, 0 = -2*u + q + 10. Let y(g) = g**2 - 7*g + 7. What are the prime factors of y(u)?
7
Suppose 5*a + 0*o - 2*o = -15, 5*o - 30 = 5*a. Let c(n) = -3 + 0*n - 4*n**3 + 0*n + n + 4 - n**2. List the prime factors of c(a).
3
Let b = -67 + 76. List the prime factors of b.
3
Let q(d) = d. Let m be q(-2). List the prime factors of (-8 + 4)/(m/8).
2
Suppose -7 + 22 = 3*w, -3*w + 3 = 4*k. List the prime factors of 12 - k*(-3)/9.
11
Suppose 0 = k - 2*k. What are the prime factors of ((3 + k)/1)/1?
3
Suppose -8 - 5 = -3*n - o, -17 = -2*n + o. Let u(a) = -2 + 11*a + a**2 - 2*a**2 - 3*a. List the prime factors of u(n).
2, 5
Let n be 5/10 + (-75)/(-2). Suppose 4*u - 6 = n. Let x = 15 - u. List the prime factors of x.
2
Let r = -6 - -49. Suppose 4*j - r = 1. What are the prime factors of j?
11
Let b(p) = -1 - 7*p + p + 2*p. Let o be b(6). Let t = 36 + o. What are the prime factors of t?
11
Let g(i) = 2*i**2 - 37*i - 52. List the prime factors of g(26).
2, 13
Suppose -3*m + 2*w = 3*w - 223, -2*m + 162 = 4*w. List the prime factors of m.
73
Suppose 5*y - 470 = -5*k, k - 82 = -0*k + 2*y. What are the prime factors of k?
2, 3, 5
Suppose -9 = -s + 4*t, 3*t = 3*s - 10 - 26. List the prime factors of s.
13
Let a = -44 - -48. List the prime factors of a.
2
Let j be (0 + 5)*(-7 + 8). Suppose 2*g - 2*v = 104, -6*g + 270 = -g + j*v. List the prime factors of g.
53
Let b = 5 - 3. Suppose b*l = 4 - 0. What are the prime factors of l?
2
Let v(a) be the third derivative of -a**6/120 - a**5/15 + a**4/6 + a**3/6 + a**2. Let m = 7 + -12. List the prime factors of v(m).
2, 3
Let s be -2*(3 - 11/2). Suppose 3*v + 38 = s*p, -24 = 2*v - 2*p - 0. Let h = v + 25. What are the prime factors of h?
2, 7
Let l(w) = -w**2 + 5*w - 2. Let f be l(4). Let q(d) = 13*d**2 - 3*d + 3. List the prime factors of q(f).
7
Suppose 5*q - n = -0*q + 473, 0 = 4*q - 5*n - 370. What are the prime factors of q?
5, 19
Suppose 3*o - 2*o + 1 = x, 0 = 4*o - 20. What are the prime factors of x?
2, 3
Let i = -10 + 9. What are the prime factors of (-4 - -5)/(i/(-18))?
2, 3
Suppose 20 = -4*b + 176. What are the prime factors of b?
3, 13
What are the prime factors of (61 + 1)*(-2)/(-4)?
31
Let t be 2/5 + (-2)/5. List the prime factors of t - 8/(-3)*3.
2
Let j(l) = 0 + 3 - 2*l - 2*l**2 + 0 + 0*l. Let o be j(-3). Let k = -3 - o. What are the prime factors of k?
2, 3
Let y(t) = -2*t**2 - t + 8. Let f(x) = -x**2 - x + 7. Let n(z) = 3*f(z) - 2*y(z). Suppose 0 = -i - 4*i. List the prime factors of n(i).
5
Suppose 10*b + 570 = 13*b. What are the prime factors of b?
2, 5, 19
Let a(d) = -2*d + 1. Suppose 2*x = 2*t + x, -1 = -3*t + x. Let c be a(t). List the prime factors of (3 - 4) + (c - -5).
3
Suppose 2*o - 79 = -3*y, 2*y = -o + 5*y + 26. What are the prime factors of o?
5, 7
Let h be -2 - (2 - 12/3). Suppose -32 = f - 3*f. Suppose -3*q - t = -37, h = -3*q - 2*t + f + 16. What are the prime factors of q